and 1254?
66
Calculate the highest common divisor of 15096 and 1632.
408
Calculate the highest common factor of 18 and 450.
18
What is the greatest common divisor of 2025 and 200?
25
Calculate the highest common factor of 6 and 87.
3
Calculate the highest common divisor of 2368 and 128.
64
Calculate the highest common divisor of 35 and 4144.
7
Calculate the highest common divisor of 12405 and 15.
15
What is the highest common divisor of 482 and 123874?
482
Calculate the highest common divisor of 441 and 9.
9
Calculate the highest common factor of 399 and 114.
57
What is the greatest common divisor of 1 and 739?
1
What is the greatest common factor of 342 and 304?
38
What is the greatest common factor of 14 and 60382?
14
Calculate the highest common divisor of 1449 and 63.
63
Calculate the greatest common divisor of 130 and 10.
10
Calculate the greatest common factor of 26432 and 14.
14
Calculate the highest common divisor of 18 and 12942.
18
Calculate the greatest common divisor of 6 and 23550.
6
Calculate the highest common divisor of 176 and 11.
11
Calculate the highest common divisor of 63 and 1197.
63
Calculate the highest common factor of 19 and 63555.
19
Calculate the greatest common factor of 7176 and 2496.
312
What is the highest common divisor of 6 and 16?
2
What is the greatest common divisor of 272 and 64?
16
What is the highest common factor of 357 and 102?
51
What is the highest common divisor of 10017 and 265?
53
What is the highest common divisor of 260 and 9360?
260
Calculate the highest common divisor of 765 and 85.
85
Calculate the highest common factor of 20 and 150.
10
What is the highest common factor of 2888 and 8?
8
What is the highest common factor of 645 and 13287?
129
What is the greatest common divisor of 5064 and 24?
24
Calculate the highest common factor of 28 and 7.
7
Calculate the greatest common divisor of 6848 and 107.
107
Calculate the highest common factor of 3 and 57.
3
What is the greatest common factor of 208 and 156?
52
Calculate the greatest common factor of 248 and 64.
8
What is the highest common divisor of 9 and 409?
1
Calculate the greatest common divisor of 14 and 2492.
14
Calculate the greatest common factor of 111 and 185.
37
Calculate the highest common factor of 390 and 90.
30
Calculate the highest common divisor of 34 and 459.
17
What is the greatest common divisor of 913 and 830?
83
Calculate the highest common factor of 135 and 216.
27
Calculate the greatest common divisor of 168 and 1974.
42
Calculate the greatest common factor of 320 and 35.
5
What is the greatest common factor of 9 and 542?
1
Calculate the greatest common factor of 188 and 3478.
94
Calculate the greatest common divisor of 286 and 22.
22
Calculate the greatest common factor of 192 and 9664.
64
Calculate the greatest common divisor of 3364 and 580.
116
What is the greatest common divisor of 348 and 108?
12
What is the highest common factor of 147 and 4389?
21
What is the highest common factor of 36 and 2196?
36
What is the highest common factor of 238 and 2261?
119
Calculate the greatest common factor of 145 and 4379.
29
What is the highest common factor of 10 and 470?
10
Calculate the highest common factor of 10080 and 12.
12
Calculate the highest common divisor of 66 and 4.
2
What is the highest common divisor of 4 and 236?
4
Calculate the highest common divisor of 1139 and 469.
67
Calculate the highest common factor of 300 and 6.
6
Calculate the greatest common factor of 1219 and 92.
23
Calculate the highest common factor of 5 and 5.
5
Calculate the greatest common factor of 119 and 442.
17
What is the greatest common factor of 80 and 30?
10
Calculate the highest common divisor of 115 and 5405.
115
What is the greatest common factor of 4884 and 111?
111
What is the greatest common divisor of 63 and 1953?
63
What is the highest common divisor of 24318 and 56?
14
What is the highest common factor of 2653 and 21?
7
Calculate the greatest common divisor of 111 and 7.
1
Calculate the greatest common factor of 39 and 3.
3
What is the highest common divisor of 2 and 46?
2
Calculate the greatest common divisor of 21 and 9807.
21
Calculate the highest common divisor of 2666 and 186.
62
Calculate the highest common factor of 8319 and 295.
59
Calculate the greatest common factor of 3636 and 81.
9
What is the greatest common factor of 44 and 396?
44
Calculate the highest common factor of 15 and 2085.
15
What is the highest common factor of 58 and 39266?
58
What is the greatest common divisor of 2890 and 68?
34
Calculate the greatest common divisor of 396 and 864.
36
What is the highest common divisor of 1824 and 96?
96
Calculate the greatest common divisor of 102 and 6460.
34
What is the highest common factor of 13051 and 31?
31
Calculate the highest common factor of 250 and 30.
10
What is the highest common factor of 104 and 117?
13
What is the highest common divisor of 24 and 4912?
8
Calculate the highest common factor of 130 and 26.
26
What is the highest common divisor of 60795 and 193?
193
Calculate the greatest common factor of 21 and 651.
21
Calculate the greatest common factor of 9735 and 660.
165
What is the greatest common factor of 14 and 5614?
14
What is the highest common factor of 456 and 888?
24
What is the highest common divisor of 204 and 357?
51
What is the greatest common divisor of 104 and 468?
52
Calculate the greatest common divisor of 2004 and 252.
12
Calculate the highest common factor of 5162 and 58.
58
Calculate the greatest common factor of 2752 and 64.
64
What is the highest common factor of 451 and 1927?
41
Calculate the highest common divisor of 68 and 10.
2
Calculate the highest common divisor of 1936 and 264.
88
Calculate the highest common factor of 93 and 217.
31
Calculate the greatest common factor of 7 and 29981.
7
What is the highest common factor of 12 and 804?
12
What is the highest common factor of 42348 and 24?
12
What is the greatest common divisor of 46 and 253?
23
Calculate the highest common divisor of 66 and 1776.
6
What is the greatest common factor of 2 and 166?
2
Calculate the greatest common divisor of 63 and 5355.
63
Calculate the highest common divisor of 840 and 3270.
30
What is the greatest common divisor of 25 and 100?
25
What is the greatest common factor of 46 and 19872?
46
What is the greatest common divisor of 210 and 250?
10
Calculate the highest common divisor of 688 and 16.
16
Calculate the highest common divisor of 26 and 234.
26
Calculate the greatest common factor of 105 and 168.
21
Calculate the greatest common factor of 935 and 1485.
55
What is the greatest common factor of 364 and 1064?
28
What is the highest common factor of 2352 and 144?
48
What is the greatest common divisor of 460 and 23?
23
Calculate the highest common divisor of 22 and 121.
11
Calculate the highest common factor of 376 and 141.
47
Calculate the highest common divisor of 152 and 646.
38
What is the greatest common divisor of 155 and 10?
5
What is the highest common divisor of 667 and 207?
23
Calculate the highest common factor of 48 and 4320.
48
Calculate the highest common factor of 252 and 8.
4
Calculate the greatest common divisor of 221 and 1586.
13
Calculate the greatest common divisor of 1125 and 625.
125
What is the greatest common divisor of 6111 and 189?
63
Calculate the greatest common factor of 5 and 185.
5
Calculate the highest common divisor of 138 and 1458.
6
Calculate the greatest common divisor of 1960 and 2800.
280
What is the highest common factor of 696 and 24?
24
What is the greatest common factor of 110 and 99?
11
Calculate the highest common factor of 48 and 22056.
24
Calculate the greatest common factor of 14400 and 675.
225
What is the greatest common divisor of 105 and 255?
15
What is the highest common divisor of 9 and 5571?
9
What is the highest common divisor of 16 and 120?
8
Calculate the greatest common factor of 408 and 24.
24
What is the greatest common divisor of 46 and 184?
46
What is the highest common factor of 11 and 3223?
11
Calculate the highest common divisor of 4403 and 1547.
119
Calculate the highest common factor of 595 and 833.
119
What is the greatest common factor of 560 and 5376?
112
What is the highest common divisor of 112 and 98?
14
Calculat